o + 231. Give s(38).
3
Let k(c) = 7451*c - 217700. What is k(29)?
-1621
Let z(c) = -c**3 - 7*c**2 - 64*c - 11. Calculate z(0).
-11
Let m(f) = 76*f**2 - 9972*f + 2059. Determine m(131).
-37
Let g(p) = -6*p**2 - 41*p - 29. Give g(4).
-289
Let z(f) = -179*f**3 + 8*f**2 + 4*f + 9. Calculate z(-2).
1465
Let g(x) = -2212*x - 18239. Calculate g(-8).
-543
Let i(w) = -11557*w + 242723. What is i(21)?
26
Let i(f) = 104363*f + 1982898. Give i(-19).
1
Let r(k) = 22*k**2 - 806*k + 7535. Determine r(9).
2063
Let f(o) = o**3 - 101*o**2 - 435*o + 1565. What is f(105)?
-10
Let k(n) = 2*n**2 + 676*n + 206. What is k(0)?
206
Let t(s) = -17260*s - 51778. Calculate t(-3).
2
Let m(i) = 1015*i - 93363. Determine m(92).
17
Let j(f) = -2606*f - 51761. Calculate j(-20).
359
Let s(j) = j**2 + 1713*j + 717128. Determine s(-985).
48
Let g(f) = f**3 - 45*f**2 - 405*f + 44. Calculate g(52).
-2088
Let b(y) = -6*y**2 + 138*y + 405. Determine b(24).
261
Let y(b) = b**3 + 202*b**2 - 3488*b + 30. What is y(16)?
30
Let w(v) = -v**2 - 2446*v - 21848. Calculate w(-9).
85
Let m(u) = u**3 - 260*u**2 - 525*u + 2. Determine m(-2).
4
Let w(k) = -7*k**2 - 1427*k + 7162. Give w(5).
-148
Let m(q) = -q**2 - 15890*q + 6016224. Calculate m(370).
24
Let d(g) = g**3 - 95*g**2 + 926*g + 78. Give d(11).
100
Let v(l) = -43677*l + 28739470. Calculate v(658).
4
Let k(q) = -639*q - 2505. Give k(-2).
-1227
Let h(c) = -13*c**2 + 860*c - 13765. Give h(39).
2
Let r(c) = 296037*c + 591975. Determine r(-2).
-99
Let g(m) = -m**3 - 39*m**2 - 45*m - 264. Give g(-38).
2
Let s(r) = -r**3 + r**2 - 93*r + 29. What is s(-7)?
1072
Let k(q) = -q**2 - 49*q - 2150. Determine k(-63).
-3032
Let r(f) = 26*f**2 + 3541*f + 727. Give r(-136).
47
Let s(m) = -135889*m - 1222999. Give s(-9).
2
Let d(l) = -3*l**2 + 66*l - 1078. Give d(42).
-3598
Let j(a) = -2*a**2 - 352*a + 82227. Give j(133).
33
Let s(p) = -7*p**2 + 33*p + 969. Determine s(-14).
-865
Let o(l) = -l**3 + 67*l**2 - 968*l - 14. Give o(14).
-3178
Let h(r) = -67*r**3 + r**2 + 107*r - 208. Calculate h(2).
-526
Let l(h) = 8801*h - 32526. Give l(4).
2678
Let c(q) = -8*q**2 + 4916*q - 19641. What is c(4)?
-105
Let s(x) = -31120*x + 622414. Give s(20).
14
Let b(p) = -p**3 + 19*p**2 + 19*p + 34. What is b(-7)?
1175
Let v(z) = 5*z**2 - 531*z + 399. Calculate v(105).
-231
Let k(l) = 238966*l + 156. Calculate k(0).
156
Let m(x) = -4*x**3 + 448*x**2 + 292. Give m(112).
292
Let j(o) = -o**3 - 93*o**2 - 419*o + 74. What is j(-88)?
-1774
Let l(y) = 10*y**2 + 795*y + 156. Give l(0).
156
Let z(p) = p**3 + 312*p**2 - 3225*p + 48. What is z(10)?
-2
Let p(h) = 3*h**2 - 190*h - 8516. What is p(-31)?
257
Let h(w) = 124*w**2 - 228*w - 432. Give h(3).
0
Let l(d) = -d**3 - 21*d**2 + 3520*d + 79884. What is l(-23)?
-18
Let f(p) = 5430*p + 124913. Give f(-23).
23
Let h(n) = n**3 - 16*n**2 + 16*n - 84. Give h(9).
-507
Let p(f) = -57*f**3 - 7*f**2 + 21*f + 28. Calculate p(3).
-1511
Let j(w) = -8*w**2 - 1182*w - 40065. Calculate j(-95).
25
Let j(y) = -840*y + 57017. Give j(68).
-103
Let o(a) = 585*a + 22672. Give o(-39).
-143
Let u(m) = 703*m**2 + 17582*m + 78. Calculate u(-25).
-97
Let c(h) = -5*h**3 + 103*h**2 + 4366*h + 17. What is c(-21)?
59
Let a(g) = 26434*g**2 + 343642*g + 3. Give a(-13).
3
Let b(q) = -q**3 + 19*q**2 + 142*q + 289. Determine b(22).
1961
Let s(m) = -1877*m - 87811. Calculate s(-47).
408
Let r(c) = -24*c**3 + 149*c**2 + 141*c - 44. Give r(7).
12
Let n(d) = -1564*d + 75013. Determine n(48).
-59
Let o(w) = w**3 + 10*w**2 + 104*w + 533. Calculate o(-8).
-171
Let w(v) = -2*v**2 + 553*v - 238. Determine w(276).
38
Let p(b) = 113*b**2 + 175*b - 800. What is p(2)?
2
Let z(n) = -n**3 + 175*n**2 - 345*n - 999. Give z(173).
-826
Let o(m) = -6*m**3 + 47*m**2 + 1060*m - 7663. Determine o(7).
2
Let o(v) = -2*v**3 - 262*v**2 + 134*v + 17522. Give o(-131).
-32
Let j(f) = 82*f**2 - 165*f - 3. What is j(2)?
-5
Let j(o) = o**3 + 88*o**2 - 3340*o - 10821. Give j(31).
-2
Let z(g) = -g**2 + 209*g - 3016. Determine z(16).
72
Let w(j) = -3314*j + 291650. Give w(88).
18
Let v(i) = 296*i + 5906. What is v(-21)?
-310
Let s(g) = -2*g**3 + 35*g**2 - 116*g - 44. What is s(13)?
-31
Let d(p) = -32*p - 428. Calculate d(-20).
212
Let d(w) = -37*w**3 + 12*w**2 + 8*w + 17. What is d(-2)?
345
Let l(o) = -29*o**2 + 3609*o - 1633. What is l(124)?
-21
Let o(f) = 114*f - 4501. Give o(41).
173
Let j(r) = -6*r**3 + 8*r**2 + 254*r - 1535. Determine j(5).
-815
Let x(n) = n**2 - 997*n + 18686. Calculate x(19).
104
Let y(l) = 84552*l + 507394. Determine y(-6).
82
Let h(i) = -i**2 - 25168*i - 2681520. Give h(-107).
7
Let k(d) = 3*d**3 - 4*d**2 + 9*d - 15. Determine k(1).
-7
Let u(s) = -4629*s + 69114. Determine u(15).
-321
Let p(w) = -w**2 - 150*w - 5070. Calculate p(-104).
-286
Let o(v) = v**3 - v**2 - 35*v - 45. Calculate o(9).
288
Let w(d) = -d**3 - 12*d**2 + 1975*d + 6007. Determine w(-3).
1
Let a(j) = 64*j - 3242. Calculate a(52).
86
Let k(h) = -2*h**2 + 15661*h - 7166274. Calculate k(488).
6
Let t(c) = c**3 + 658*c**2 - 25990*c + 10185. What is t(37)?
10
Let n(r) = -2293*r - 4327. Give n(-2).
259
Let q(m) = 5919*m + 1077205. Give q(-182).
-53
Let c(r) = -r**3 + 20*r**2 - 568*r + 2481. Determine c(5).
16
Let u(t) = -12*t**3 - 201*t**2 - 1164*t. Calculate u(-6).
2340
Let l(n) = 10*n**2 + 7078*n + 35146. Determine l(-5).
6
Let v(c) = 809*c + 5327. Give v(-6).
473
Let k(m) = 4055764*m - 16223040. Determine k(4).
16
Let q(l) = -31*l**3 + 3*l**2 + 11*l + 23. Determine q(-2).
261
Let r(u) = -4*u**2 - 856*u + 2607. What is r(3)?
3
Let w(m) = 185718*m + 1114314. Calculate w(-6).
6
Let h(r) = 2*r**2 + 116*r - 1281. Calculate h(-74).
1087
Let w(x) = -16360*x + 2552149. What is w(156)?
-11
Let k(a) = a**3 - 9*a**2 - 16*a + 681. Determine k(-7).
9
Let z(b) = -1545*b + 13918. Calculate z(9).
13
Let x(p) = 604287*p - 45321521. Calculate x(75).
4
Let b(a) = a**3 - 22*a**2 - 31529*a + 724643. Determine b(23).
5
Let r(c) = -41322*c + 454542. Give r(11).
0
Let h(q) = -4627*q - 258841. What is h(-56)?
271
Let s(d) = 735*d + 120831. Give s(-164).
291
Let h(j) = -90*j - 4186. Determine h(-46).
-46
Let r(w) = -113*w + 14374. Give r(126).
136
Let l(t) = 7*t**2 + 143*t - 1361. Determine l(7).
-17
Let t(y) = -y**3 + 48*y**2 - 20*y + 88. Give t(48).
-872
Let a(x) = -4437*x + 361. Determine a(0).
361
Let z(q) = -2*q**3 + 25*q**2 - 60*q + 61. Determine z(10).
-39
Let u(q) = 113*q - 13882. Calculate u(105).
-2017
Let v(i) = -2*i**2 + 4988*i - 879738. Give v(191).
8
Let o(g) = -2*g**3 + 21*g**2 - 139*g + 496. Give o(6).
-14
Let u(o) = 70014*o - 910149. Determine u(13).
33
Let q(s) = -4804*s - 2046513. Give q(-426).
-9
Let m(g) = g**3 + 36*g**2 + 405*g + 1368. Give m(-14).
10
Let k(v) = -26351*v - 14045079. Determine k(-533).
4
Let w(l) = 2*l**2 - 21281*l - 10328113. Give w(-465).
2
Let u(b) = b**2 - 1860*b - 123328. What is u(-64)?
-192
Let a(y) = 974*y + 11507. Calculate a(-12).
-181
Let y(s) = -s**3 + 3*s**2 + 157*s - 165. Determine y(0).
-165
Let p(u) = -u**3 + 8*u**2 - 383*u + 3020. Determine p(8).
-44
Let d(j) = 324*j**3 + j**2 - 251*j - 255. Give d(-1).
-327
Let x(u) = 2*u**3 + 208*u**2 - 1564*u - 932. Calculate x(-111).
178
Let i(j) = 5831*j + 69980. What is i(-12)?
8
Let n(f) = -2*f**3 + 24462*f + 73394. Give n(-3).
62
Let m(w) = -3*w**2 + 872*w + 73172. What is m(-68)?
4
Let z(n) = -29*n**3 + 957*n**2 - 3*n + 100. Calculate z(33).
1
Let h(r) = 7*r**2 + 1482*r + 2684. What is h(-210)?
164
Let l(t) = -t**3 - 168*t**2 + 348*t + 1367. Calculate l(-170).
7
Let y(u) = 12*u**2 - 305*u + 1272. What is y(5)?
47
Let v(o) = 327*o - 3524. What is v(10)?
-254
Let v(p) = 18*p**3 + 47*p**2 - 345*p + 517. Determine v(2).
159
Let v(d) = -3*d**3 + 22*d**2 - 159*d + 808. What is v(6)?
-2
Let b(n) = n**3 + 56*n**2 - 14*n + 50. What is b(-9)?
3983
Let z(g) = -10*g**2 + 17*g - 103. Determine z(7).
-474
Let m(n) = 41559*n + 4945519. What is m(-119)?
-2
Let z(n) = 107*n**2 - 66241*n + 4958. What is z(619)?
6
Let x(z) = -2*z**3 - 12*z**2 + 475*z - 46. What is x(0)?
-46
Let k(m) = -m**3 - 171*m**2 - 192*m - 5124. What is k(-170)?
-1384
Let o(r) = -59*r**2 + 117*r + 28476. Calculate o(-21).
0
Let t(n) = -n**3 + 395*n**2 - 354*n - 15733. Determine t(394).
27
Let v(s) = -2*s**3 + 39*s**2 + 80*s - 689. Determine v(21).
-332
Let w(n) = n**2 + 18508*n - 212293